e i(g).
5
Let v(y) = -10 - y + 222*y**2 - 221*y**2 + 4. Determine v(5).
14
Let p = -52 + 55. Suppose 2*y = 2*w - 2, 3*y + p*w - 5*w + 7 = 0. Let t(s) = -s**3 - 6*s**2 - 4*s + 6. Determine t(y).
1
Let q(l) = -5 - l + 2 - 2 + 3. Let a(i) = -i**2 + 3*i + 3. Let n be a(5). Give q(n).
5
Suppose -2*j - 7*j = -108. Suppose -36 = -3*p + j*p. Let f(g) = -4*g**2 - 12*g + 3. Let i(n) = 3*n**2 + 11*n - 2. Let x(m) = p*f(m) - 5*i(m). Give x(4).
-14
Let q(f) = f**2 + 11*f - 38. Let l be q(3). Let v(d) = -d**2 + 8*d - 14. Determine v(l).
2
Let q(v) = -22*v - 444. Let c be q(-20). Let s(p) = -4*p - p**2 + 4 + 0*p - 2. What is s(c)?
2
Let l(i) = i**3 + i**2 + 3*i + 1. Let g(s) = 5*s**3 + 2*s**2 + 25*s + 10. Let b(j) = g(j) - 6*l(j). Determine b(-5).
-6
Suppose 4*i = 2*i. Suppose 2*r - r = i. Let p(v) be the second derivative of -v**3/6 + 2*v**2 + 6*v. Determine p(r).
4
Let z be 2 + -1 - (12 - 14). Let r(p) = 0*p**2 + 7*p - z*p - p**2. Calculate r(4).
0
Let h be 4*(15/10)/3. Let o(a) = -a + 3. Determine o(h).
1
Let m(b) = -b**3 - 29*b**2 + 2. Let p be m(-29). Let f(d) = d**2 + 4*d - 5. Determine f(p).
7
Let g(z) = z**3 - 11*z**2 + 12*z - 13. Suppose 3*t + 58 = 8*t - 4*a, 3*t = 5*a + 40. Calculate g(t).
7
Suppose -4*q + 9*q - 30 = 0. Let r = q + -7. Let g(l) = -7*l**3 - l**2 - 2*l - 1. Calculate g(r).
7
Let z(g) = -3*g + 11. Let k be z(6). Let x(w) = -22*w**2 + 14*w**2 - 3*w**3 + 2*w**3 - 8 - 9*w. What is x(k)?
6
Suppose 5*z = 24 + 16. Suppose 2*d = 2*t - 3*d + z, -3*t + d - 12 = 0. Let j be 4/1 - (t - -5). Let g(b) = -b + 4. Determine g(j).
1
Let c = 430 - 434. Let r(v) = -v**3 - 4*v**2 - 5*v + 1. Calculate r(c).
21
Let f(c) = 5*c**3 - c**2 - c - 1. Let s(i) = -3*i - 25. Let h be s(-8). Let n = 1 + -3. Let m = n - h. Calculate f(m).
-6
Let o(d) = d**3 + 11*d**2 + 12*d + 3. Suppose q = 3*t + 33, 6*t - 2*q = t - 56. Calculate o(t).
-17
Let f(s) = s - 4. Let n be f(19). Let q(k) = -33*k + 17*k + n*k. Give q(-1).
1
Let k = 11 - 6. Let c(n) = -26*n**2 - 3*n. Let o(m) = 13*m**2 + 2*m. Let u(d) = k*o(d) + 3*c(d). Suppose -6 + 22 = 16*j. What is u(j)?
-12
Let g(a) = 2*a**2 - 1 - 9*a + 7 - a. What is g(7)?
34
Let u(q) = 7*q - 1 + 3*q + 0. Let x(i) = -1 - 1 - 6*i + 3 - i**2. Let f be x(-6). Give u(f).
9
Let c(r) = 5*r. Let s(w) be the third derivative of w**3/6 - 6*w**2. Suppose 4*j = 2*j - 5*x - 7, -x + 2 = -3*j. Let p(q) = j*c(q) + s(q). Determine p(-2).
11
Let o(r) = r**3 - 2*r**2 - r. Suppose -3*g + 4*v + 26 = 5*v, 3*g - 2*v = 38. Suppose 0 = -2*q - 3*q + g. Determine o(q).
-2
Let a be 22/18 - 10/45. Suppose -5*w = -3*f - a, 0*w - 4*f = -2*w - 8. Let r(z) = -8*z + 10*z + 1 - w. Determine r(6).
11
Let k(j) = 3*j**3 + 3*j**2 - 4*j - 3. Let g be k(-2). Let f(p) = p**3 + 8*p**2 + 6*p - 4. Let m be f(g). Let s(x) = -m*x - 2*x + 2*x + x. What is s(-6)?
12
Let s(y) be the first derivative of -4*y**2 + 5*y + 388. Calculate s(-3).
29
Let v(z) be the third derivative of -z**5/5 - z**4/24 + z**2 - 7*z. What is v(1)?
-13
Let f(u) = -1. Let s(w) = -w**3 + 6*w**2 - 2*w. Let j(p) = -4*f(p) + s(p). Suppose -2*r - 3*a = -15, 0*a - 4 = -4*a. Give j(r).
-8
Let a(g) be the third derivative of -g**6/120 - 3*g**5/20 - g**4/3 - g**3/3 - g**2. Suppose -101*s + 408 = -98*s. Suppose 0 = -5*n + 22*n + s. Give a(n).
-2
Let c(u) be the first derivative of -1/2*u**2 + 2 + u - 1/3*u**3. Let v(y) = -62*y - 372. Let w be v(-6). Calculate c(w).
1
Let l be ((-13)/39)/((-1)/69). Suppose l*s = 28*s - 40. Let a(p) = -p**3 + 7*p**2 + 12*p - 6. What is a(s)?
26
Let j(r) = 2*r. Let u be 1*1*(-2)/(-2). Let y be (3*u)/((-54)/72). Give j(y).
-8
Let d(c) be the third derivative of -c**4/6 - 3*c**3/2 + 25*c**2 + 1. Calculate d(-4).
7
Let p be 4/2 - (-4 - 0). Let h(y) = -22*y - 3. Let l(m) = 4*m - 1. Let f(j) = -h(j) - 6*l(j). Calculate f(p).
-3
Let j(q) = q**2 - 7*q - 9. Suppose 17*o + 313 = 432. Calculate j(o).
-9
Let m(h) = -3*h + 11 - 4 + h**2 + 2*h. Let y be 1*(5 + (-1 - 1)). Suppose y*b = 7*b. Give m(b).
7
Let o(b) be the second derivative of -b**4/12 + 13*b**3/6 + 11*b**2/2 - b + 149. Give o(8).
51
Suppose -9 = 5*d + 21. Let g(n) be the second derivative of n**3/6 - 5*n**2/2 + 11*n + 1. Give g(d).
-11
Let m(y) be the third derivative of y**4/24 + 13*y**3/6 - 18*y**2. Let t be m(-16). Let b(a) = a**3 + 2*a**2 + 3. Calculate b(t).
-6
Suppose 0 = o - 2*o + 2. Let m(x) = 14*x**2 + 35*x + 48. Let b(l) = 3*l**2 + 6*l + 9. Let n(v) = -11*b(v) + 2*m(v). Give n(o).
-15
Suppose -50*s = 64 - 14. Suppose -5*w + w - 2*f + 2 = 0, -w + 3*f + 11 = 0. Let z(x) = -2*x - x**2 + 3*x**3 + w*x + 4*x**3. Calculate z(s).
-8
Let c(k) = -11*k**2 - 40*k - 1. Let w(x) = 4*x**2 + 16*x + 1. Let y(m) = c(m) + 3*w(m). Suppose -5 = f - 4*h, 2*h - 41 = 5*f - 2*h. Calculate y(f).
11
Let d(a) = 4*a**2 + 8*a - 335 + 339 - 2*a**2 - 3*a**2. Determine d(8).
4
Let u(h) = -h**3 + 5*h**2 - h. Suppose 2*n + 2*p - 16 = 0, 3*n - 26 = -2*n + 2*p. Suppose -r + n*r = 30. Let k be 4 + -1 + 12/r. Calculate u(k).
-5
Let p(u) = -u**2 + 6*u - 1 - 13*u + 4*u + 5*u. Give p(3).
-4
Let w(x) = -x**3 + 4*x**2 + 7*x - 4. Let l(g) = g**2 - 11*g + 15. Let p be l(10). Calculate w(p).
6
Let o(m) = m**2 - 5*m - 7. Let p be o(6). Let t(a) = -3*a**3 + a**2 + a + 1. Let w be t(p). Let l(b) = -30 + 24 - b**3 - 5*b + 5*b**2 + 11. Calculate l(w).
1
Let i(y) = -1787*y**2 + y + 1 + 0*y + 1799*y**2. Determine i(-2).
47
Let f = -23 - -35. Suppose r = 4*r - f. Let n(m) = 3*m + 5. Determine n(r).
17
Let n(v) = -3*v**2 + 2033*v - 2*v**2 - 2034*v + 2*v**2 - 3 + v**3. Let d(k) = -2*k**3 - 3*k**2 + k + 2. Let s be d(-2). What is n(s)?
9
Let h = -236 - -233. Let a(r) be the first derivative of 2*r**3/3 + 3*r**2/2 + 4*r - 2. Let v(f) be the first derivative of a(f). Determine v(h).
-9
Let j be (-12 + 17)*(-2 - -3). Let b(i) = -3*i**2 + i**3 + 2 - 3*i**2 + 1 + 5*i. Give b(j).
3
Let t(q) be the first derivative of q**3/3 - 3*q**2/2 - 3*q + 10. Determine t(3).
-3
Let o = -15 - -19. Suppose -o*q = -5*q - 1. Let n(f) be the first derivative of -f**2/2 + 9. Calculate n(q).
1
Let p(t) = 8*t**3 - t**2 - 14*t + 5. Let k(v) = 3*v**3 - 5*v + 2. Let y(c) = -11*k(c) + 4*p(c). Let g = -3 - 0. What is y(g)?
-8
Let l(h) = -17*h**2 + 11*h + 4. Let f(c) = -7*c**2 + 5*c + 2. Let n(i) = -5*f(i) + 2*l(i). Let o(u) = 2*u**2 + 3*u - 4. Let g be o(-3). Give n(g).
8
Let x be 5 - 1*(0 - -1). Suppose 9*c = x*c + 25. Let q(y) = -11 - 6*y**2 + 2*y + 4 + 13 + y**3. What is q(c)?
-9
Let f(p) = -p - 1. Let y(c) = -8*c - 13. Let u(h) = 2*h + 3. Let l(k) = 9*u(k) + 2*y(k). Let w(v) = -8*f(v) - 5*l(v). Let q be -3*(-2)/(-3)*-2. Calculate w(q).
-5
Let o(i) be the first derivative of -i**4/4 - i**3 - 3*i**2/2 - 2*i - 72. What is o(-3)?
7
Suppose 3*m = m + 10. Let b(u) = -u + 6. Let z be b(m). Let j(n) = n**2 + 313*n + 3*n**3 - 2*n**3 - 312*n - 1. What is j(z)?
2
Let l(j) = 23*j - 1. Suppose 4*q + 4*m = 24, -26*m + 29*m - 12 = 3*q. Calculate l(q).
22
Let d(i) = 5*i**2 + 12*i + 10. Let q(l) = -4*l**2 - 11*l - 9. Let a(j) = 5*d(j) + 6*q(j). Suppose 0 = -2*f + 2*v + 6, 0 = -4*f - v - 0*v + 27. Calculate a(f).
-4
Let z(i) = -i + 1. Let y(d) = 9*d - 10. Let r(s) = 10*s - 11. Let w(a) = 3*r(a) - 4*y(a). Let f(m) = -w(m) + 5*z(m). Calculate f(-7).
-9
Suppose -5*t + 55 = 85. Let m(s) = s + 7. Calculate m(t).
1
Let d(z) be the second derivative of z**3/6 + z**2/2 + 112*z + 1. Let p be (-56)/21*-3*1. Calculate d(p).
9
Let q(l) be the third derivative of -l**4/24 + 4*l**3/3 + 4*l**2 + 3. Determine q(10).
-2
Let d(r) = -3*r**2 + 2*r + 3. Let m(c) = -12 - 28*c**2 - 9*c + 65*c**2 - 24*c**2. Let i(n) = 9*d(n) + 2*m(n). What is i(-2)?
-1
Let v(h) = 4*h + 99. Let n(t) = -3*t - 87. Let o(q) = -6*n(q) - 5*v(q). Give o(18).
-9
Suppose 4*b - 3*d = -b + 9, d = 5*b - 3. Let k(l) = -2*l**2 + 3 + 4 + 2*l - 5 + b*l. Suppose -5*t - 14 + 4 = 0. Give k(t).
-10
Let c(b) = -b**3 + b + 1. Let t(m) = -m**3 - 14*m**2 - 13*m + 9. Let p be t(-13). Suppose -p = -4*f + f. Let g = f + -1. Calculate c(g).
-5
Suppose -7*a = -11*a - 2*s + 14, 5*s = 5*a - 40. Let d(v) be the third derivative of -v**5/60 + v**4/24 - v**3 - 6*v**2. Determine d(a).
-26
Let x(t) = -4*t**2 - 2*t + 4 + 2 + t**3 + t**2. Let f(q) = 4*q + 36. Let g be f(-8). Determine x(g).
14
Let a(u) be the third derivative of -2*u**2 + 0 + u**3 + 0*u + 1/24*u**4. Calculate a(-11).
-5
Let z(m) = -1. Let